hat is 0 - -3c?
3c
In base 10, what is 3 + -75?
-72
In base 13, what is 16 - 12?
4
In base 10, what is -73 + 0?
-73
In base 4, what is 10310 - -103?
11013
In base 9, what is -1 + -66?
-67
In base 8, what is 3 + 11744?
11747
In base 14, what is 0 + -47?
-47
In base 8, what is 4 - 575?
-571
In base 14, what is -26 + -20?
-46
In base 11, what is 32 - -22?
54
In base 9, what is 17 + 7?
25
In base 11, what is -1 - -1257?
1256
In base 13, what is b + 86?
94
In base 7, what is -5 + 153?
145
In base 12, what is 1 - -b35?
b36
In base 5, what is -4 - -20?
11
In base 10, what is -1 + -3?
-4
In base 14, what is -11b - 3?
-120
In base 6, what is 10 - 2025?
-2015
In base 10, what is -66 + -9?
-75
In base 14, what is -1c0 + 2?
-1bc
In base 2, what is 111110101 - 100?
111110001
In base 5, what is 22 - 23?
-1
In base 13, what is -12 + -4?
-16
In base 2, what is 1100101 - -111?
1101100
In base 8, what is 155 + -3?
152
In base 10, what is 0 + 252?
252
In base 14, what is -5 + -417?
-41c
In base 13, what is -7 - -c?
5
In base 7, what is 2153 + 33?
2216
In base 11, what is -16 - 27?
-42
In base 2, what is 11 + 11001110?
11010001
In base 5, what is 11243 - 2?
11241
In base 7, what is -5 - 202?
-210
In base 8, what is 2 + 134?
136
In base 6, what is -1054 - -44?
-1010
In base 13, what is 1 + -111?
-110
In base 15, what is 3eb + -d?
3dd
In base 7, what is 53 + -21?
32
In base 6, what is 3155 - -1?
3200
In base 13, what is -171 - 14?
-185
In base 8, what is 7 + 124?
133
In base 14, what is 1 - 489?
-488
In base 16, what is -5 + -22?
-27
In base 14, what is 21 - 4?
1b
In base 4, what is -102 - -113?
11
In base 14, what is -b - 11?
-1c
In base 3, what is 0 - -120?
120
In base 11, what is -61 - 4?
-65
In base 3, what is -10112 - 101?
-10220
In base 11, what is -44 - -40?
-4
In base 2, what is 100 - 11010101001?
-11010100101
In base 9, what is -14 - 7?
-22
In base 16, what is -49 - 26?
-6f
In base 2, what is 101011 + -100001110?
-11100011
In base 12, what is -233 + 5?
-22a
In base 8, what is -10634 + 1?
-10633
In base 8, what is -2501 + 4?
-2475
In base 14, what is 19 + -13?
6
In base 15, what is -d + -1?
-e
In base 11, what is -7a + 1?
-79
In base 7, what is 15403 - 1?
15402
In base 16, what is -2 - -78?
76
In base 9, what is 1 - 136?
-135
In base 13, what is -2a + -4?
-31
In base 3, what is -10001 - 11?
-10012
In base 13, what is 2 + -a9?
-a7
In base 11, what is 871 + 0?
871
In base 2, what is -11100 + -1?
-11101
In base 16, what is f + -120?
-111
In base 9, what is 167 + 5?
173
In base 16, what is 3 + 2?
5
In base 11, what is -55 - -15?
-40
In base 6, what is -1020 + -1?
-1021
In base 15, what is -b - -9c?
91
In base 2, what is 11011111 - 111011?
10100100
In base 10, what is 198 + 3?
201
In base 14, what is -35 + 7?
-2c
In base 15, what is 2db - 1?
2da
In base 13, what is 1 + 37?
38
In base 6, what is -33453 - -3?
-33450
In base 14, what is b - -22?
2d
In base 8, what is -4 - 2745?
-2751
In base 4, what is 321 - 103?
212
In base 9, what is -1 + -186?
-187
In base 6, what is -1020 - -125?
-451
In base 3, what is 101222 + 1?
102000
In base 15, what is 5ad - 4?
5a9
In base 2, what is -1000101111 + 11?
-1000101100
In base 10, what is -58 - 8?
-66
In base 6, what is 1012 + -5?
1003
In base 10, what is -3 - 7446?
-7449
In base 16, what is -56f - 0?
-56f
In base 5, what is -3324 + 4?
-3320
In base 4, what is 21020 - -1?
21021
In base 11, what is 49 + 32?
80
In base 9, what is 236 + 3?
240
In base 11, what is a - 2a?
-20
In base 11, what is 3 - 775?
-772
In base 5, what is 10 + -301?
-241
In base 12, what is 1a + -143?
-125
In base 16, what is 2a8 + 2?
2aa
In base 15, what is 294 - -1?
295
In base 15, what is 2 + 83?
85
In base 7, what is -2 - 1212?
-1214
In base 3, what is -200211222 + 12?
-200211210
In base 11, what is 756 + 5?
760
In base 2, what is -111110111100 - 0?
-111110111100
In base 4, what is -11 + 2313?
2302
In base 15, what is -1c - 135?
-152
In base 9, what is 7 - -127?
135
In base 8, what is 42 - 0?
42
In base 5, what is 0 + -14?
-14
In base 13, what is 167 + 0?
167
In base 3, what is 0 + -22002221?
-22002221
In base 8, what is -630 - 2?
-632
In base 5, what is 10 + 2001?
2011
In base 14, what is 8 - 4b?
-43
In base 16, what is 73 + 5?
78
In base 6, what is -5 - -4?
-1
In base 5, what is 112 + 1?
113
In base 11, what is -88 + 62?
-26
In base 14, what is 6 - -c?
14
In base 14, what is -4c - a?
-58
In base 5, what is 1 - 0?
1
In base 4, what is 322 - 13?
303
In base 15, what is -2 - -6a?
68
In base 16, what is -3 - 24b?
-24e
In base 3, what is -111 - 101?
-212
In base 5, what is 43 - 1013?
-420
In base 15, what is -c - 3?
-10
In base 15, what is e + 179?
188
In base 15, what is 4 - -152?
156
In base 10, what is -1 + -18?
-19
In base 10, what is -9 - 920?
-929
In base 2, what is -11000000 + -11000?
-11011000
In base 14, what is -1 - 20a5?
-20a6
In base 6, what is -2544 - 10?
-2554
In base 5, what is 13322 + 2?
13324
In base 5, what is 40 + -103?
-13
In base 16, what is -13c + -4?
-140
In base 7, what is -4 - -205?
201
In base 14, what is 6 + 2ca?
2d2
In base 13, what is -3146 + 5?
-3141
In base 10, what is 19 + -1?
18
In base 15, what is 1c + -b?
11
In base 16, what is -3 - 15?
-18
In base 2, what is 11 + -101101001?
-101100110
In base 15, what is -ac4 + -2?
-ac6
In base 12, what is 2 + -235?
-233
In base 10, what is 11133 - -1?
11134
In base 5, what is 2 - -11113?
11120
In base 11, what is -59 - -6?
-53
In base 10, what is 4 - -5?
9
In base 9, what is 354 - 1?
353
In base 9, what is -5 + 5076?
5071
In base 14, what is -7d - 86?
-125
In base 2, what is -101 + 1001?
100
In base 15, what is -c8 + -22?
-ea
In base 13, what is 9cba - -3?
9cc0
In base 13, what is 3 + -ca0?
-c9a
In base 11, what is 7 - -105a?
1066
In base 8, what is -354 - -1?
-353
In base 15, what is -e2a + 4?
-e26
In base 4, what is -11 - 323?
-1000
In base 12, what is -a5 + -b?
-b4
In base 16, what is -3 - -e42?
e3f
In base 11, what is -15 + -9?
-23
In base 2, what is -10 - -111101?
111011
In base 5, what is 232 - -221?
1003
In base 4, what is 20 - -1132?
1212
In base 8, what is -220 + 3?
-215
In base 9, what is -1665 - -2?
-1663
In base 8, what is -16 - 0?
-16
In base 3, what is 120 + 110202?
111022
In base 7, what is -20 - -356?
336
In base 9, what is 6 + 488?
505
In base 4, what is -220 - -3?
-211
In base 2, what is -100 - -11110?
11010
In base 4, what is 2013 + 311?
2330
In base 3, what is -1000 - -20021?
12021
In base 10, what is -17 - 163?
-180
In base 15, what is 60a + -2?
608
In base 2, what is -1000000000 + 110?
-111111010
In base 2, what is -11111 + 11101?
-10
In base 16, what is 1 - 2a3?
-2a2
In base 16, what is -26 - -3?
-23
In base 3, what is 11 - -11102?
11120
In base 4, what is -2 - 1112?
-1120
In base 14, what is -1 + 103?
102
In base 10, what is 5000 + 1?
5001
In base 2, what is -10110 + -1000001110?
-1000100100
In base 3, what is -1 + -1202010?
-1202011
In base 4, what is 1212 + 2?
1220
In base 13, what is 1c2 - 4?
1bb
In base 11, what is -3 - 50?
-53
In base 3, what is -12 - -112100?
112011
In base 10, what is -169 - 2?
-171
In base 4, what is 10 - 131130?
-131120
In base 8, what is 21250 - 1?
21247
In base 16, what is 2e + 4?
32
In base 14, what is 2 - -3da?
3dc
In base 15, what is 4 - -7d?
82
In base 7, what is 13 + -52?
-36
In base 5, what is -3 + 31?
23
In base 11, what is 1a9 - -a?
208
In base 12, what is 942 - 5?
939
In base 5, what is -1004 - 3?
-1012
In base 11, what is 756 + 3?
759
In base 9, what is -147 - 0?
-147
In base 7, what is -14 - 24?
-41
In base 12, what is -2 + 59b8?
59b6
In base 9, what is 6 + -42?
-35
In base 9, what is -435 - 1?
-436
In base 2, what is -101 - -110011110001?
110011101100
In base 15, what is -8c - 75?
-112
In base 13, what is 1a + -1?
19
In base 10, what is 83 - -213?
296
In base 11, what is -3a + -1?
-40
In base 8, what is -13 - -55?
42
In base 3, what is -10 + 1001?
221
In base 9, what is -40478 + 3?
-40475
In base 11, what is -5a + 0?
-5a
In base 6, what is 1503 - 3?
1500
In base 12, what is -286 - -2?
-284
In base 16, what is -7 + 1f?
18
In base 10, what is 159 + -5?
154
In base 4, what is 12302 - 22?
12220
In base 4, what is 213 + -3?
210
In base 7, what is 26 + 13?
42
In base 12, what is 69 + -45?
24
In base 9, what is -6 + -6?
-13
In